t are the prime factors of ((-46)/69)/((-2)/1317)?
439
Suppose -21*b = -18*b - 1770. Suppose -3*p + b = -p + 2*h, 0 = p - 3*h - 291. List the prime factors of p.
2, 3, 7
Let h(j) = -j + 3. Let s be h(5). Let z = s + -16. Let d = 46 + z. List the prime factors of d.
2, 7
Suppose -2*y - 544 = -4*y. What are the prime factors of y?
2, 17
Let k be (-1 + 1)/(-1 - -2). Suppose -180 = -11*p + 293. Suppose -3*w + 131 = 4*o - p, 3*o + 4*w - 134 = k. List the prime factors of o.
2, 3, 7
Let v(o) = o**3 - 14*o**2 - 14*o - 1. Let f be v(15). Suppose 74 = -16*r + f*r. Let x = 73 + r. List the prime factors of x.
2, 3
Suppose 5*b - 4*x - 4184 = 0, -341 - 3035 = -4*b - 4*x. Suppose -7*n = -0*n - b. List the prime factors of n.
2, 3, 5
Suppose -8*k = 8*k - 11888. List the prime factors of k.
743
Let q be 2*4/8 - -6. Let y be 6*(q + -2 + -1). Suppose -i + y = -1. List the prime factors of i.
5
Let y = -1839 + 2779. What are the prime factors of y?
2, 5, 47
Let y(b) = -b - 9. Let h be y(15). What are the prime factors of (h/10)/(12/(-200))?
2, 5
Let b = -1736 + 938. Let u be b/(-12)*(-24)/(-14). Suppose 10*a + u = 13*a. List the prime factors of a.
2, 19
Let b(f) = 6*f + 0*f + 3*f - 7. Suppose -1625*t + 1619*t = -24. List the prime factors of b(t).
29
Let b(z) = -29*z**3 - 2*z**2 - z. Let o(j) = -j**2 - 5*j - 5. Let h be o(-6). Let s = -12 - h. What are the prime factors of b(s)?
2, 7
List the prime factors of (-138)/(((-6)/15)/((-30)/(-25))).
2, 3, 23
Let q(f) be the third derivative of -f**6/120 - f**5/60 + f**4/24 + f**3/3 + 9*f**2. Suppose -6 = 2*i - 2. List the prime factors of q(i).
2
What are the prime factors of (6 - 4 - 5) + 1969?
2, 983
Let x be 7/4 + (-5)/(-20). Let k(t) = 8*t**2 - 2*t**x - t**2 + 2*t + 0*t**2. List the prime factors of k(-3).
3, 13
Suppose -x = 2*c + 9 - 30, 0 = 2*c + 5*x - 25. Let j be (-8)/(-20) + (-634)/c. What are the prime factors of j/12*(-8)/3?
2, 7
Suppose -5*f = 5*j + 25, -3*j = 8*f - 3*f + 21. Suppose -4*x - 8 = 2*q, 2*q + 17 = -3*x + 6*q. What are the prime factors of f*(-26)/3 - x?
29
What are the prime factors of 1853 - ((-35)/(-7) + (0 - -1))?
1847
Let a(z) = -3*z**3 - 14*z**2 + 23*z - 17. Let r(v) = -4*v**3 - 21*v**2 + 34*v - 25. Let n(q) = 7*a(q) - 5*r(q). List the prime factors of n(5).
11
Let t = -121 + 83. Let g = -23 - t. What are the prime factors of g?
3, 5
Let d(x) = x**3 - x**2 - x + 3. Let j be d(2). Suppose 334 = s + j*n + 48, 2 = 2*n. What are the prime factors of s?
281
Suppose 5*u - 2*u - 6 = 0. Suppose 4*c - 298 = u*w, -c + 0*w + 64 = -4*w. List the prime factors of c.
2, 19
Let q = -751 - -3812. What are the prime factors of q?
3061
Let d(c) = 2*c**3 + 14*c**2 - c + 1. Let z be d(-7). Suppose 0 = -z*w + 218 + 326. What are the prime factors of w?
2, 17
Let p = -987 + 1409. What are the prime factors of p?
2, 211
Suppose -n = 5*r - 41, -2*r + 0*r = -5*n - 11. Let s = r - 5. List the prime factors of s.
3
Let u(c) = c**2 + 15*c - 18. Let f be u(-16). List the prime factors of (-3)/f*3674/33.
167
Suppose 186*v + 3*j = 190*v - 24455, -5*v - 5*j = -30560. What are the prime factors of v?
6113
Suppose 0 = -3*d - 5*l - 35, -4 - 1 = -3*d + 5*l. Let z(f) = -f**2 - 6*f - 6. Let h be z(d). Let t = 18 + h. List the prime factors of t.
17
Let o be 1/(-4 + 3) - -4*19. Suppose o = f - 4*s + 3*s, -3*f - 3*s = -231. List the prime factors of f.
2, 19
Let w be (-24)/20*10/(-4). Let t be 4/(-10) - (-102)/5. Suppose w*d - t = d. What are the prime factors of d?
2, 5
Let y(v) = 7*v**3 - 36*v - 36*v + 7 + 64*v. List the prime factors of y(3).
2, 43
Let s = 3032 - 1785. What are the prime factors of s?
29, 43
Let x(p) = -p**2 + p + 17. Let l be x(0). Suppose -34 + 9 = -5*h - 2*t, -5*h - t + 20 = 0. Suppose -h*d + 2*d = -l. What are the prime factors of d?
17
Let n(t) = 10*t**3 + t + 1. Let o be n(-1). Let h = -7 - o. Suppose 4*a + 4*s - 84 = 0, h*s + 54 = 2*a + 2*s. List the prime factors of a.
5
Let j(g) = g**3 - 12*g**2 - 3*g - 2. Let s(t) = -2*t**3 + 12*t**2 + 4*t + 2. Let v(f) = -3*j(f) - 2*s(f). What are the prime factors of v(-6)?
2, 53
What are the prime factors of 890 + 2 - (-7 - -3)?
2, 7
Suppose -627*l + 2136 = -623*l. What are the prime factors of l?
2, 3, 89
Suppose -17*t + 4*v = -14*t - 1604, -2143 = -4*t + v. What are the prime factors of t?
2, 67
Let x be -1 - 2/6*-3. Suppose u - 1 = -x*u. What are the prime factors of ((-65)/(-15))/(u/12)?
2, 13
Let x(o) = 6*o**2 + 5*o**2 - 6*o**2 - 10 - 6*o - 5*o. What are the prime factors of x(6)?
2, 13
Let d = 128 - 123. Suppose -5*r = 10, d*r - 65 = -2*h - h. List the prime factors of h.
5
Suppose 6*h + 30 = h. Let k be (-2)/(-12) - (-1)/h. Suppose -4*i + 4*r - r + 44 = k, -5*i + 5*r + 60 = 0. List the prime factors of i.
2
Let l(m) = m**2. Let t(o) = 2*o**2 + 14*o - 6. Let n(k) = -3*l(k) + t(k). Let b = -47 + 55. What are the prime factors of n(b)?
2, 3, 7
List the prime factors of -8*7449/(-42) + 4/28.
3, 11, 43
What are the prime factors of 292 - -103 - (8 - 0)?
3, 43
Let q be 32/6 + 4/(-3). Suppose k - 2*n - 286 = 0, -3*n - 162 + 1251 = q*k. List the prime factors of k.
2, 3, 23
Let o = 3338 + -1484. What are the prime factors of o?
2, 3, 103
Let a(b) = b + 5. Let p be a(7). Suppose 0*m - 4*m = -p. Suppose n + 25 = 5*s + 6*n, 0 = -2*s + m*n + 30. List the prime factors of s.
3
Suppose -3*z + 17 = 4*h, -2*z = -z + 2*h - 9. Suppose 3*c - 7 = 2*p - 4, 4*c - 3*p - 3 = 0. What are the prime factors of c - (-3 + z/(-1))?
5
Let o = 972 + -7. What are the prime factors of o?
5, 193
Suppose -z + 929 = -5*r, -z + 2*z - 947 = -4*r. What are the prime factors of z?
3, 313
Let l(h) = -18*h - 8. Let o be l(-2). Let k = o - -38. List the prime factors of k.
2, 3, 11
Let r(v) = v**2 + 8*v + 6. Let h(s) = -2*s**2 - 17*s - 12. Let c(i) = 4*h(i) + 9*r(i). Let k be c(-6). Suppose -2*u + 36 = -k. What are the prime factors of u?
3
What are the prime factors of (0 - -5)/(-5) + 325 + 3?
3, 109
Let d(o) = o**2 - 16. Let u be d(4). Suppose u = -4*r + 354 + 78. What are the prime factors of r?
2, 3
Suppose 5*a - 10*m + 9*m - 3268 = 0, 3*a - 3*m - 1956 = 0. List the prime factors of a.
2, 3, 109
Let u be 4/(-6) - 115/(-15). Let z(r) = r**2 - 8*r + 2. Let m be z(u). Let w(t) = t**3 + 7*t**2 + 5*t + 4. List the prime factors of w(m).
29
Let p be (-8)/(-12)*45/6. Suppose -o + 2*o - 46 = -3*b, -5*o + 220 = p*b. List the prime factors of o.
43
Let a be (-3)/((-15)/(-35))*-1. Suppose -2*j + 59 = -a. What are the prime factors of j?
3, 11
Let o(j) = -j**3 - 2*j**2 - 3*j. Let s be o(-2). Let q = -7 + s. What are the prime factors of -2 - (q - -57)/(-2)?
2, 13
Suppose 34*o - 27*o - 4606 = 0. What are the prime factors of o?
2, 7, 47
Let n be (108/16)/((-3)/8). Let h be 1*10*(-9)/n. Suppose -h*p + g = -279 + 11, -p + 62 = 4*g. List the prime factors of p.
2, 3
Suppose -g - 4 = -0, -3*s + 4*g + 49 = 0. Let u(q) = -q**2 + 15*q + 16. Let z be u(s). Let y = z + -32. What are the prime factors of y?
2, 7
Suppose -10 = -2*d - 0*d. Let l(w) = d*w - w + 0 - 4. List the prime factors of l(5).
2
Let m = -26 + 612. What are the prime factors of m?
2, 293
Suppose -41*s + 100 = -43*s. Let z = s + 97. List the prime factors of z.
47
Let u = -77 + 50. Let l = u + 72. List the prime factors of l.
3, 5
Suppose 3*z + q = 2686, 5*z - 4510 = 3*q + 2*q. List the prime factors of z.
3, 13, 23
Let x = 22 + -34. Let f = 121 + x. What are the prime factors of f?
109
Let v be 2/3 + 14/(-21). Suppose -4*k = -v*k - 8. Suppose -5*i + f + 6 = -2, 0 = -2*i + f + k. List the prime factors of i.
2
Let c = 1256 - 636. What are the prime factors of c?
2, 5, 31
Let w(t) = -t - 14. Let c be w(-21). Let z(a) = 6*a + 2. List the prime factors of z(c).
2, 11
Let q = 19 + -36. Let k(l) = l - 14. Let c be k(-7). Let o = q - c. What are the prime factors of o?
2
Let x(n) = n**3 - n**2 + 3*n - 9. Let c be (1 + -1 + -8)/(-2). List the prime factors of x(c).
3, 17
Let k = -1054 - -5097. List the prime factors of k.
13, 311
Let l(t) = t**2 - 5*t + 9. Let w(u) = u**2 - 15*u + 21. Suppose 5*b + 0*k - 50 = 4*k, -2*b + k = -23. Let p be w(b). List the prime factors of l(p).
23
Let y(d) = 5*d**2 + d + 2. Let f be y(-2). List the prime factors of (f + 2)*1/2.
11
Let u = -82 - -126. Let m = u - -31. What are the prime factors of m?
3, 5
Suppose -2*r +